d + 296. Calculate j(-6).
2
Let q(l) = 4049*l - 76953. Give q(19).
-22
Let j(l) = 15*l**3 - 21*l**2 - 199*l + 591. What is j(3)?
210
Let m(i) = 1805*i - 25277. Give m(14).
-7
Let i(t) = 33512*t - 1005356. Give i(30).
4
Let l(r) = -94*r - 340. Give l(-5).
130
Let p(g) = 2*g**3 + 156*g**2 + 166*g + 100. Give p(-77).
-824
Let l(c) = 105*c + 6884. What is l(-60)?
584
Let r(a) = -22433*a + 1817100. Determine r(81).
27
Let l(r) = 5*r**3 + 336*r**2 - 100*r - 11295. Determine l(-67).
-106
Let m(f) = -171*f + 2566. Calculate m(13).
343
Let s(w) = -3*w**2 - 60037*w + 300263. Calculate s(5).
3
Let j(g) = -9*g**2 - 1386*g - 11117. Determine j(-8).
-605
Let r(a) = a**2 - 2146*a - 65457. Calculate r(-30).
-177
Let m(n) = n**3 - 62*n**2 - 64*n + 98. Determine m(63).
35
Let o(z) = -z**3 + 55*z**2 - 53*z + 193. Give o(54).
247
Let v(n) = 112245*n - 11000029. What is v(98)?
-19
Let b(z) = 21*z**2 + 2509*z + 10072. Determine b(-4).
372
Let y(c) = 2654*c**2 + 5310*c + 5. Calculate y(-2).
1
Let x(r) = -4*r**2 - 273*r + 5156. What is x(16)?
-236
Let k(g) = g**3 + 52*g**2 - 119*g - 1254. What is k(-54)?
-660
Let n(z) = 27961*z + 83899. Give n(-3).
16
Let s(w) = 159*w + 2294. What is s(-20)?
-886
Let j(u) = -4*u**2 + 213*u + 3304. Give j(-16).
-1128
Let l(g) = 25*g**2 + 20*g + 3138. Determine l(0).
3138
Let c(f) = 173*f**2 - 941*f - 20. Give c(5).
-400
Let h(k) = 2*k**2 + 253*k + 3812. What is h(-111)?
371
Let r(j) = 2*j**2 + 2753*j + 21803. What is r(-8)?
-93
Let n(t) = 4*t**2 - 327*t - 3902. Determine n(93).
283
Let r(v) = -v**3 - 23*v**2 + 3578*v - 5259. What is r(-73)?
-3
Let f(w) = -2*w**3 - 109*w**2 + 170*w + 34. What is f(-56)?
-78
Let m(f) = -41*f + 5770. Give m(153).
-503
Let v(a) = 5*a**2 + 163084*a + 3748283. Determine v(-23).
-4
Let c(k) = 3*k**2 - 10*k - 171. Give c(0).
-171
Let j(i) = 1791*i - 8979. Determine j(5).
-24
Let n(m) = 228998*m - 2518991. Determine n(11).
-13
Let y(h) = -3926*h - 11414. What is y(-3)?
364
Let h(r) = 870*r**3 - 2*r**2 - 11*r + 6. What is h(1)?
863
Let p(i) = -147*i**2 + 511*i - 13. Calculate p(-3).
-2869
Let f(h) = -1096687*h - 3290081. Give f(-3).
-20
Let r(w) = w**3 - 71*w**2 - 29*w - 2942. Calculate r(72).
154
Let r(c) = -16*c**2 - 172*c + 5619. What is r(14)?
75
Let m(k) = k**3 - 4*k**2 - 9*k - 117. Calculate m(0).
-117
Let u(b) = 7*b**3 - 5*b**2 - 125*b + 857. Give u(6).
1439
Let h(p) = 82*p**2 - 46*p + 46. What is h(-3)?
922
Let a(w) = 3*w**2 + 241*w + 261. Calculate a(-84).
1185
Let m(y) = y**3 + 484*y**2 + 5705*y + 19. Calculate m(-12).
-473
Let s(l) = -298*l - 20029. Calculate s(-68).
235
Let q(l) = 60*l**2 + 8391*l + 7083. Calculate q(-139).
-6
Let k(g) = 55*g + 4318. What is k(-78)?
28
Let u(a) = 4*a**2 + 23*a - 106. What is u(-9)?
11
Let n(l) = 2340*l - 673924. Determine n(288).
-4
Let i(g) = g**3 + 20*g**2 - 330*g - 6380. What is i(-20)?
220
Let p(n) = -n**3 + 43*n**2 + 20*n - 980. Give p(43).
-120
Let o(g) = 3076*g - 211565. What is o(69)?
679
Let o(v) = -9284*v + 65233. Give o(7).
245
Let t(o) = -47630*o - 239003. Calculate t(-5).
-853
Let g(o) = 21*o - 302. Give g(3).
-239
Let z(y) = 2*y**3 - 85*y**2 + 49*y - 251. Determine z(42).
43
Let z(b) = 2706*b - 8127. What is z(3)?
-9
Let q(v) = -6*v**3 + v**2 + 45*v + 112. Give q(-7).
1904
Let v(b) = -237*b + 2551. Calculate v(11).
-56
Let x(a) = 167965*a - 4199209. Determine x(25).
-84
Let f(s) = -946*s + 19776. Give f(21).
-90
Let v(u) = -3918*u + 15810. Determine v(4).
138
Let y(r) = 1553*r - 431716. Determine y(278).
18
Let b(l) = -2*l**3 + 188*l**2 - 408*l + 3683. Determine b(92).
3
Let h(i) = -2*i**3 + 11*i**2 - 202*i + 122. Calculate h(0).
122
Let h(z) = 419*z**2 - 2129*z + 144. Calculate h(5).
-26
Let s(r) = -47*r - 701. Determine s(-6).
-419
Let x(a) = -4425*a - 18401. What is x(-4)?
-701
Let l(f) = -2873*f - 307401. What is l(-107)?
10
Let r(n) = 2*n**2 + 807*n + 45910. Determine r(-335).
15
Let y(q) = -1072*q**3 + 254*q + 254. What is y(-1)?
1072
Let c(q) = -130*q - 9395. What is c(-74)?
225
Let o(v) = 9861*v + 197. What is o(0)?
197
Let q(s) = -1656*s**2 - 64582*s + 70. What is q(-39)?
-8
Let d(p) = 8*p**3 + 10*p**2 - 70*p. What is d(5)?
900
Let v(s) = -s**2 + 1906*s + 17230. Give v(-9).
-5
Let j(y) = 28167*y + 338179. What is j(-12)?
175
Let r(f) = 100*f - 17490. Determine r(175).
10
Let s(l) = 144*l + 2710. Give s(-53).
-4922
Let m(s) = -119*s - 38389. What is m(-323)?
48
Let o(v) = v**3 + 30*v**2 + 100*v + 13. Calculate o(-25).
638
Let p(a) = -a**3 - 10*a**2 + 1730*a + 13978. Determine p(-8).
10
Let a(o) = -o**2 + 152102*o - 1368856. Determine a(9).
-19
Let d(h) = 284*h + 1752. Calculate d(-6).
48
Let d(l) = 174*l + 43058. Calculate d(-239).
1472
Let z(j) = 29*j - 318. Give z(12).
30
Let h(v) = 390*v**2 - 2152*v - 1135. Determine h(6).
-7
Let l(u) = -520*u**2 - 11420*u + 435. Give l(-22).
-5
Let o(j) = 8427*j + 639390. What is o(-76)?
-1062
Let v(f) = -36*f + 370. Determine v(8).
82
Let z(j) = 2*j**3 + 320*j**2 + 18*j + 3107. Give z(-160).
227
Let r(s) = -550*s - 37395. What is r(-68)?
5
Let o(z) = 12*z**2 - 11032*z + 43994. Determine o(4).
58
Let d(s) = -8*s**2 - 989*s - 6570. What is d(-7)?
-39
Let k(t) = 19194*t + 460708. Calculate k(-24).
52
Let f(d) = 1093790*d - 50314340. What is f(46)?
0
Let o(q) = -2*q**3 - 39*q**2 + 349*q + 28. What is o(-26)?
-258
Let n(a) = a**3 + 19*a**2 - a - 3. Give n(-19).
16
Let i(w) = 40662*w - 772604. Calculate i(19).
-26
Let l(h) = -h**3 - 9*h**2 + 462*h - 1957. What is l(14)?
3
Let q(a) = -a**3 - 141*a**2 + 1566*a + 238831. What is q(-140)?
-9
Let g(n) = 520*n + 58962. What is g(-113)?
202
Let j(h) = -2*h**3 - 31*h**2 + 1074*h + 514. What is j(17)?
-13
Let y(v) = 10*v**3 + 6*v**2 + 7*v + 25. What is y(-2)?
-45
Let x(q) = 192*q**2 + 2273*q + 2275. Calculate x(-1).
194
Let p(i) = -16*i**3 + 22177*i**2 - 1388*i + 2770. Give p(1386).
-2
Let b(h) = -2*h**2 - 197*h - 384. Calculate b(-99).
-483
Let n(m) = 826*m + 1603. Determine n(-2).
-49
Let i(b) = -405794*b + 2028964. Determine i(5).
-6
Let i(r) = -39*r**2 + 414*r - 672. Calculate i(2).
0
Let v(w) = 4753*w - 152165. Give v(32).
-69
Let o(k) = 3*k**3 - 72*k**2 + 81*k - 380. Determine o(25).
3520
Let l(i) = -i**3 - 33*i**2 - 249*i + 339. What is l(-19)?
16
Let x(b) = b**3 - 31*b**2 - 15*b + 1609. Determine x(30).
259
Let p(m) = m**3 + 209*m**2 + 5163*m + 17220. What is p(-181)?
25
Let i(b) = -2947*b - 2130661. Determine i(-723).
20
Let u(f) = -3*f**2 - 4924*f - 44149. Determine u(-9).
-76
Let z(d) = 9*d**2 + 518*d - 353. Calculate z(-58).
-121
Let u(k) = -k**3 + 105*k**2 - 146*k - 16307. Give u(102).
13
Let p(l) = 3*l**2 + 229*l + 3543. Give p(-22).
-43
Let r(q) = 189*q**2 + 2459*q + 20. Give r(-13).
-6
Let k(y) = -3*y**2 - 621*y - 13703. Determine k(-182).
-53
Let p(y) = -25932*y - 51899. Calculate p(-2).
-35
Let q(f) = f**2 - 52509*f - 3838486. What is q(-73)?
0
Let x(j) = -3646*j + 72903. Determine x(20).
-17
Let v(u) = -u**3 + 195*u**2 + 661*u - 128895. Give v(195).
0
Let r(a) = 2*a**3 + 18*a**2 - 13*a + 206. What is r(-12)?
-502
Let g(p) = -23205*p + 1020988. Calculate g(44).
-32
Let t(y) = -15*y**2 + 213*y + 1148. Calculate t(-5).
-292
Let b(f) = -f**3 - 23*f**2 - 37*f + 376. Calculate b(-18).
-578
Let k(h) = -2*h**2 - 163*h + 935. Calculate k(-78).
1481
Let n(c) = 62*c - 8601. Calculate n(135).
-231
Let d(v) = 125*v + 4193. What is d(-34)?
-57
Let n(y) = -3*y**3 - 116*y**2 - 373*y - 11225. Calculate n(-38).
61
Let l(s) = 82*s**2 - 46*s - 30. What is l(6)?
2646
Let d(a) = 204*a + 24040. Determine d(-118).
-32
Let d(j) = 4*j**3 - 15*j**2 + 41*j - 4. Give d(6).
566
Let j(y) = -84*y - 4202. Calculate j(-50).
-2
Let r(f) = -1143*f + 33208. Calculate r(29).
61
Let v(c) = c**2 + 1183*c - 8366. Give v(7).
-36
Let l(g) = 3*g**2 + 3200*g - 77214. What is l(24)?
1314
Let b(r) = 555*r + 152255. Calculate b(-274).
185
Let k(m) = -554*m - 5817. Determine k(-10).
-277
Let n(y) = 558*y + 10037. Determine n(-18).
-7
Let g(r) = -r**2 + 2940*r + 167851. Determine g(-56).
75
Let l(h) = -h**3 - 72*h**2 - 1060*h - 53606. Determine l(-68).
-22
Let y(t) = 10322*t + 203463. What is y(-20)?
-2977
Let p(v) = v**3 - 5*v**2 + 1822*v + 9309. Calculate p(-5).
-51
Let t(l) = -l**2 - 43*l + 377. Determine t(-51).
-31
Let v(k) = -2*k**2 + 352*k + 2136. Give v(-6).
-48
Let m(f) = 67*f**2 + 3384*